{"id":21240,"date":"2024-06-04T18:10:27","date_gmt":"2024-06-04T23:10:27","guid":{"rendered":"http:\/\/nonamepublicidad.com\/?post_type=product&#038;p=21240"},"modified":"2024-12-02T08:50:17","modified_gmt":"2024-12-02T13:50:17","slug":"core-600-maquina-de-cafe-astoria","status":"publish","type":"product","link":"https:\/\/nonamepublicidad.com\/en\/product\/core-600-maquina-de-cafe-astoria\/","title":{"rendered":"Core 600 M\u00e1quina de Caf\u00e9 Astoria"},"content":{"rendered":"<p style=\"text-align: center;\"><iframe style=\"border: 0;\" src=\"https:\/\/www.google.com\/maps\/embed?pb=!1m18!1m12!1m3!1d124857.27811266696!2d-77.13544381681135!3d-12.057969158904772!2m3!1f0!2f0!3f0!3m2!1i1024!2i768!4f13.1!3m3!1m2!1s0x9105c81c5885ecd9%3A0x7c859598396df6d1!2sGrand%20Caf%C3%A9!5e0!3m2!1ses-419!2spe!4v1717407744880!5m2!1ses-419!2spe\" width=\"600\" height=\"450\" allowfullscreen=\"allowfullscreen\"><\/iframe><\/p>\n<p>&nbsp;<\/p>\n<p><u>Caracter\u00edsticas<\/u><\/p>\n<p>1GR:<\/p>\n<p>VOLTAJE 120-230\/400-240 V<\/p>\n<p>POTENCIA 2300\/3000\/3300W<\/p>\n<p>CALDERA 6\/1,3 LT\/UK GAL<\/p>\n<p>LANZAS DE AGUA-VAPOR 1\/1 N\u00b0<\/p>\n<p>LARGO 580 \/ 22,8 MM\/PULG.<\/p>\n<p>ANCHO 580 \/ 22,8 MM\/PULG.<\/p>\n<p>ALTO 557 \/ 21,9 MM\/PULG.<\/p>\n<p>PESO NETO 62,5 \/ 138 KG\/LIBRA<\/p>\n<p>PESO BRUTO 71,5 \/ 158 KG\/LIBRA<\/p>\n<p>&nbsp;<\/p>\n<p>COMPACTO:<\/p>\n<p>VOLTAJE 120-230\/400-240 V<\/p>\n<p>POTENCIA 2900\/2900\/3100W<\/p>\n<p>CALDERA 7 \/1,5 LT\/UK GAL<\/p>\n<p>LANZAS DE AGUA-VAPOR 1\/1<\/p>\n<p>LARGO 580 \/ 22,8 MM\/PULG.<\/p>\n<p>ANCHO 580 \/ 22,8 MM\/PULG.<\/p>\n<p>ALTO 557 \/ 21,9 MM\/PULG.<\/p>\n<p>PESO NETO 65,5 \/ 144 KG\/LIBRA<\/p>\n<p>PESO BRUTO 74,5 \/ 164 KG\/LIBRA<\/p>\n<p>&nbsp;<\/p>\n<p>2GR:<\/p>\n<p>VOLTAJE 120-230\/400-240 V<\/p>\n<p>POTENCIA 2900\/3700\/4000W<\/p>\n<p>CALDERA 10,5 \/2,3 LT\/UK GAL<\/p>\n<p>LANZAS DE AGUA-VAPOR 1\/2 N\u00b0<\/p>\n<p>LARGO 788 \/ 31 MM\/PULG.<\/p>\n<p>ANCHO 580 \/ 22,8 MM\/PULG.<\/p>\n<p>ALTO 557 \/ 21,9 MM\/PULG.<\/p>\n<p>PESO NETO 74,5 \/ 164 KG\/LIBRA<\/p>\n<p>PESO BRUTO 84,5 \/ 186 KG\/LIBRA<\/p>\n<p>&nbsp;<\/p>\n<p>3GR:<\/p>\n<p>VOLTAJE 230-400\/240 V<\/p>\n<p>POTENCIA 5300\/5700W<\/p>\n<p>CALDERA 17 \/ 3,7 LT\/UK GAL<\/p>\n<p>LANZAS DE AGUA-VAPOR 1\/2 N\u00b0<\/p>\n<p>LARGO 1030\/405 MM\/PULG.<\/p>\n<p>ANCHO 580 \/ 22,8 MM\/PULG.<\/p>\n<p>ALTO 557 \/ 21,9 MM\/PULG.<\/p>\n<p>PESO NETO 89,5 \/ 187 KG\/LIBRA<\/p>\n<p>PESO BRUTO 101,5 \/ 224 KG\/LIBRA<\/p>\n<p>&nbsp;<\/p>\n<p><u>Colores<\/u><\/p>\n<p>ACERO<\/p>\n<p>BLANCO<\/p>\n<p>ROJO<\/p>\n<p>&nbsp;<\/p>\n<p><u>Versiones<\/u><\/p>\n<p>SAE TS \/ SAE<\/p>\n<p>Con Core 600, la interacci\u00f3n con el usuario habla un lenguaje contempor\u00e1neo. Las botoneras salen de la m\u00e1quina para acercarse al usuario, lo que hace que la interacci\u00f3n sea m\u00e1s intuitiva y, en la versi\u00f3n TS, ofrecen un \u00e1ngulo de lectura m\u00e1s f\u00e1cil en la pantalla.<\/p>\n<p>&nbsp;<\/p>\n<p><u>Componentes est\u00e1ndares<\/u><\/p>\n<p>SAE TS:<\/p>\n<p>Pantalla t\u00e1ctil<\/p>\n<p>Programaci\u00f3n de las dosis de caf\u00e9 desde la botonera<\/p>\n<p>AEA (entrada autom\u00e1tica de agua)<\/p>\n<p>Sistema de ahorro de energ\u00eda<\/p>\n<p>Calentador electr\u00f3nico de tazas<\/p>\n<p>USB<\/p>\n<p>Motobomba interior<\/p>\n<p>&nbsp;<\/p>\n<p>SAE:<\/p>\n<p>Pantalla t\u00e1ctil<\/p>\n<p>Programaci\u00f3n de las dosis de caf\u00e9 desde la botonera<\/p>\n<p>AEA (entrada autom\u00e1tica de agua)<\/p>\n<p>Calentador electr\u00f3nico de tazas<\/p>\n<p>USB<\/p>\n<p>Motobomba interior<\/p>\n<p>&nbsp;<\/p>\n<p><u>Opcionales<\/u><\/p>\n<p>SAE TS:<\/p>\n<p>Rejilla abatible en cada grupo<\/p>\n<p>Auto vapor<\/p>\n<p>Luz LED Superficie de trabajo<\/p>\n<p>M\u00f3dulo Wifi conectividad Beans2Cloud<\/p>\n<p>&nbsp;<\/p>\n<p>SAE:<\/p>\n<p>Rejilla abatible en cada grupo<\/p>\n<p>Luz LED Superficie de trabajo<\/p>\n<p>Motobomba interior<\/p>","protected":false},"excerpt":{"rendered":"<p>Core reelabora la elegancia de Astoria a trav\u00e9s de sus l\u00edneas sencillas y una forma moderna que la hace reconocible al instante. Con Core, la tradici\u00f3n italiana del caf\u00e9 expreso se sublima en un objeto de dise\u00f1o funcional, y se convierte en el protagonista en cualquier ambiente. En el interior de Core600 late el coraz\u00f3n Astoria, una uni\u00f3n de tradici\u00f3n, tecnolog\u00eda y pasi\u00f3n por el expreso. Con Core el expreso tiene un nuevo dise\u00f1o.<\/p>\n<p>Direcci\u00f3n: <a href=\"https:\/\/maps.app.goo.gl\/aYtoH6YJSZeJC3JQ8\">Calle Bol\u00edvar 472 Oficina 1106, Miraflores Lima 18 Lima, Per\u00fa<\/a><\/p>\n<p>Correo: <a href=\"mailto:elingan@grandcafe.com.pe\">elingan@grandcafe.com.pe<\/a><\/p>\n<p>Instagram: <a href=\"https:\/\/www.instagram.com\/astoria.wega.peru\/\">astoria.wega.peru<\/a>\u00a0 |\u00a0 <a href=\"https:\/\/www.instagram.com\/titocafecito\/\">titocafecito<\/a><\/p>\n<p>Contacto: Eduardo Ling\u00e1n Marrou &#8211; Tito Cafecito<\/p>\n<p>Solicite cotizaci\u00f3n al: <a href=\"tel:51987951606\">(+51) 987951606<\/a><\/p>\n<p>Cat\u00e1logo: <a href=\"https:\/\/cdn.sanity.io\/files\/lx2h63p2\/production\/7fe61d9a7be7f0ab119b9a028eb0765a4eda20f3.pdf\" target=\"_blank\" rel=\"noopener\"><img decoding=\"async\" class=\"alignnone wp-image-21215 size-full\" src=\"http:\/\/nonamepublicidad.com\/wp-content\/uploads\/2024\/06\/catalogo.webp\" alt=\"Cat\u00e1logo\" width=\"25\" height=\"36\" \/><\/a><\/p>\n<div class=\"nta_wa_button\" data-id=\"21211\" data-info=\"{&quot;name&quot;:&quot;Tito Cafecito&quot;,&quot;info&quot;:{&quot;number&quot;:&quot;+51987951606&quot;,&quot;title&quot;:&quot;Tito Cafecito | Tienda&quot;,&quot;predefinedText&quot;:&quot;Hola Tito Cafecito. Me gustar\\u00eda m\\u00e1s informaci\\u00f3n de [njwa_page_title] Este es el link [njwa_page_url]&quot;,&quot;willBeBackText&quot;:&quot;I will be back in [njwa_time_work]&quot;,&quot;dayOffsText&quot;:&quot;I will be back soon&quot;,&quot;isAlwaysAvailable&quot;:&quot;ON&quot;,&quot;daysOfWeekWorking&quot;:{&quot;sunday&quot;:{&quot;isWorkingOnDay&quot;:&quot;OFF&quot;,&quot;workHours&quot;:[{&quot;startTime&quot;:&quot;08:00&quot;,&quot;endTime&quot;:&quot;17:30&quot;}]},&quot;monday&quot;:{&quot;isWorkingOnDay&quot;:&quot;OFF&quot;,&quot;workHours&quot;:[{&quot;startTime&quot;:&quot;08:00&quot;,&quot;endTime&quot;:&quot;17:30&quot;}]},&quot;tuesday&quot;:{&quot;isWorkingOnDay&quot;:&quot;OFF&quot;,&quot;workHours&quot;:[{&quot;startTime&quot;:&quot;08:00&quot;,&quot;endTime&quot;:&quot;17:30&quot;}]},&quot;wednesday&quot;:{&quot;isWorkingOnDay&quot;:&quot;OFF&quot;,&quot;workHours&quot;:[{&quot;startTime&quot;:&quot;08:00&quot;,&quot;endTime&quot;:&quot;17:30&quot;}]},&quot;thursday&quot;:{&quot;isWorkingOnDay&quot;:&quot;OFF&quot;,&quot;workHours&quot;:[{&quot;startTime&quot;:&quot;08:00&quot;,&quot;endTime&quot;:&quot;17:30&quot;}]},&quot;friday&quot;:{&quot;isWorkingOnDay&quot;:&quot;OFF&quot;,&quot;workHours&quot;:[{&quot;startTime&quot;:&quot;08:00&quot;,&quot;endTime&quot;:&quot;17:30&quot;}]},&quot;saturday&quot;:{&quot;isWorkingOnDay&quot;:&quot;OFF&quot;,&quot;workHours&quot;:[{&quot;startTime&quot;:&quot;08:00&quot;,&quot;endTime&quot;:&quot;17:30&quot;}]}}},&quot;styles&quot;:{&quot;type&quot;:&quot;round&quot;,&quot;backgroundColor&quot;:&quot;#2DB742&quot;,&quot;textColor&quot;:&quot;#fff&quot;,&quot;label&quot;:&quot;Necesitas ayuda? Hablemos&quot;,&quot;width&quot;:300,&quot;height&quot;:64},&quot;avatar&quot;:&quot;https:\\\/\\\/nonamepublicidad.com\\\/wp-content\\\/uploads\\\/2024\\\/06\\\/tito_cafecito.webp&quot;,&quot;options&quot;:{&quot;display&quot;:{&quot;displayCondition&quot;:&quot;showAllPage&quot;,&quot;includePages&quot;:[],&quot;excludePages&quot;:[],&quot;includePosts&quot;:[],&quot;showOnDesktop&quot;:&quot;ON&quot;,&quot;showOnMobile&quot;:&quot;ON&quot;,&quot;time_symbols&quot;:&quot;h:m&quot;},&quot;styles&quot;:{&quot;title&quot;:&quot;Start a Conversation&quot;,&quot;responseText&quot;:&quot;The team typically replies in a few minutes.&quot;,&quot;description&quot;:&quot;Hi! Click one of our member below to chat on &lt;strong&gt;WhatsApp&lt;\\\/strong&gt;&quot;,&quot;backgroundColor&quot;:&quot;#2db742&quot;,&quot;textColor&quot;:&quot;#fff&quot;,&quot;scrollHeight&quot;:500,&quot;isShowScroll&quot;:&quot;OFF&quot;,&quot;isShowResponseText&quot;:&quot;ON&quot;,&quot;isShowPoweredBy&quot;:&quot;ON&quot;,&quot;btnLabel&quot;:&quot;Need Help? &lt;strong&gt;Chat with us&lt;\\\/strong&gt;&quot;,&quot;btnLabelWidth&quot;:156,&quot;btnPosition&quot;:&quot;right&quot;,&quot;btnLeftDistance&quot;:30,&quot;btnRightDistance&quot;:30,&quot;btnBottomDistance&quot;:30,&quot;isShowBtnLabel&quot;:&quot;ON&quot;,&quot;isShowGDPR&quot;:&quot;OFF&quot;,&quot;gdprContent&quot;:&quot;Please accept our &lt;a href=\\&quot;https:\\\/\\\/ninjateam.org\\\/privacy-policy\\\/\\&quot;&gt;privacy policy&lt;\\\/a&gt; first to start a conversation.&quot;,&quot;widgetType&quot;:&quot;expandable&quot;},&quot;analytics&quot;:{&quot;enabledGoogle&quot;:&quot;OFF&quot;,&quot;enabledFacebook&quot;:&quot;OFF&quot;,&quot;enabledGoogleGA4&quot;:&quot;OFF&quot;}},&quot;gdprStatus&quot;:false,&quot;defaultAvatar&quot;:&quot;https:\\\/\\\/nonamepublicidad.com\\\/wp-content\\\/plugins\\\/whatsapp-for-wordpress\\\/assets\\\/img\\\/whatsapp_logo.svg&quot;}\"><\/div>\n<div style=\"visibility: hidden;\">maquina de cafe, cafetera, cafetera espresso, cafeteras automaticas, maquinas de cafe, maquinas de cafe para empresas, cafeteras industriales, maquina de espresso, maquina para cafe, maquina para hacer cafe<\/div>\n","protected":false},"featured_media":21224,"comment_status":"open","ping_status":"closed","template":"","meta":[],"product_brand":[],"product_cat":[5147,153,5149],"product_tag":[2931,5133,5134,5137,5132,5138,5139,5140,5135,5136],"class_list":{"0":"post-21240","1":"product","2":"type-product","3":"status-publish","4":"has-post-thumbnail","6":"product_cat-gastronomia-y-hoteleria","7":"product_cat-industrias-y-oficinas","8":"product_cat-maquinas-de-cafe","9":"product_tag-cafetera","10":"product_tag-cafetera-espresso","11":"product_tag-cafeteras-automaticas","12":"product_tag-cafeteras-industriales","13":"product_tag-maquina-de-cafe","14":"product_tag-maquina-de-espresso","15":"product_tag-maquina-para-cafe","16":"product_tag-maquina-para-hacer-cafe","17":"product_tag-maquinas-de-cafe","18":"product_tag-maquinas-de-cafe-para-empresas","20":"first","21":"instock","22":"virtual","23":"taxable","24":"product-type-simple"},"_links":{"self":[{"href":"https:\/\/nonamepublicidad.com\/en\/wp-json\/wp\/v2\/product\/21240","targetHints":{"allow":["GET"]}}],"collection":[{"href":"https:\/\/nonamepublicidad.com\/en\/wp-json\/wp\/v2\/product"}],"about":[{"href":"https:\/\/nonamepublicidad.com\/en\/wp-json\/wp\/v2\/types\/product"}],"replies":[{"embeddable":true,"href":"https:\/\/nonamepublicidad.com\/en\/wp-json\/wp\/v2\/comments?post=21240"}],"version-history":[{"count":0,"href":"https:\/\/nonamepublicidad.com\/en\/wp-json\/wp\/v2\/product\/21240\/revisions"}],"wp:featuredmedia":[{"embeddable":true,"href":"https:\/\/nonamepublicidad.com\/en\/wp-json\/wp\/v2\/media\/21224"}],"wp:attachment":[{"href":"https:\/\/nonamepublicidad.com\/en\/wp-json\/wp\/v2\/media?parent=21240"}],"wp:term":[{"taxonomy":"product_brand","embeddable":true,"href":"https:\/\/nonamepublicidad.com\/en\/wp-json\/wp\/v2\/product_brand?post=21240"},{"taxonomy":"product_cat","embeddable":true,"href":"https:\/\/nonamepublicidad.com\/en\/wp-json\/wp\/v2\/product_cat?post=21240"},{"taxonomy":"product_tag","embeddable":true,"href":"https:\/\/nonamepublicidad.com\/en\/wp-json\/wp\/v2\/product_tag?post=21240"}],"curies":[{"name":"wp","href":"https:\/\/api.w.org\/{rel}","templated":true}]}}

Core 600 Máquina de Café Astoria

<p style="text-align: center;"><iframe style="border: 0;" src="https://www.google.com/maps/embed?pb=!1m18!1m12!1m3!1d124857.27811266696!2d-77.13544381681135!3d-12.057969158904772!2m3!1f0!2f0!3f0!3m2!1i1024!2i768!4f13.1!3m3!1m2!1s0x9105c81c5885ecd9%3A0x7c859598396df6d1!2sGrand%20Caf%C3%A9!5e0!3m2!1ses-419!2spe!4v1717407744880!5m2!1ses-419!2spe" width="600" height="450" allowfullscreen="allowfullscreen"></iframe></p>
<p>&nbsp;</p>
<p><u>Características</u></p>
<p>1GR:</p>
<p>VOLTAJE 120-230/400-240 V</p>
<p>POTENCIA 2300/3000/3300W</p>
<p>CALDERA 6/1,3 LT/UK GAL</p>
<p>LANZAS DE AGUA-VAPOR 1/1 N°</p>
<p>LARGO 580 / 22,8 MM/PULG.</p>
<p>ANCHO 580 / 22,8 MM/PULG.</p>
<p>ALTO 557 / 21,9 MM/PULG.</p>
<p>PESO NETO 62,5 / 138 KG/LIBRA</p>
<p>PESO BRUTO 71,5 / 158 KG/LIBRA</p>
<p>&nbsp;</p>
<p>COMPACTO:</p>
<p>VOLTAJE 120-230/400-240 V</p>
<p>POTENCIA 2900/2900/3100W</p>
<p>CALDERA 7 /1,5 LT/UK GAL</p>
<p>LANZAS DE AGUA-VAPOR 1/1</p>
<p>LARGO 580 / 22,8 MM/PULG.</p>
<p>ANCHO 580 / 22,8 MM/PULG.</p>
<p>ALTO 557 / 21,9 MM/PULG.</p>
<p>PESO NETO 65,5 / 144 KG/LIBRA</p>
<p>PESO BRUTO 74,5 / 164 KG/LIBRA</p>
<p>&nbsp;</p>
<p>2GR:</p>
<p>VOLTAJE 120-230/400-240 V</p>
<p>POTENCIA 2900/3700/4000W</p>
<p>CALDERA 10,5 /2,3 LT/UK GAL</p>
<p>LANZAS DE AGUA-VAPOR 1/2 N°</p>
<p>LARGO 788 / 31 MM/PULG.</p>
<p>ANCHO 580 / 22,8 MM/PULG.</p>
<p>ALTO 557 / 21,9 MM/PULG.</p>
<p>PESO NETO 74,5 / 164 KG/LIBRA</p>
<p>PESO BRUTO 84,5 / 186 KG/LIBRA</p>
<p>&nbsp;</p>
<p>3GR:</p>
<p>VOLTAJE 230-400/240 V</p>
<p>POTENCIA 5300/5700W</p>
<p>CALDERA 17 / 3,7 LT/UK GAL</p>
<p>LANZAS DE AGUA-VAPOR 1/2 N°</p>
<p>LARGO 1030/405 MM/PULG.</p>
<p>ANCHO 580 / 22,8 MM/PULG.</p>
<p>ALTO 557 / 21,9 MM/PULG.</p>
<p>PESO NETO 89,5 / 187 KG/LIBRA</p>
<p>PESO BRUTO 101,5 / 224 KG/LIBRA</p>
<p>&nbsp;</p>
<p><u>Colores</u></p>
<p>ACERO</p>
<p>BLANCO</p>
<p>ROJO</p>
<p>&nbsp;</p>
<p><u>Versiones</u></p>
<p>SAE TS / SAE</p>
<p>Con Core 600, la interacción con el usuario habla un lenguaje contemporáneo. Las botoneras salen de la máquina para acercarse al usuario, lo que hace que la interacción sea más intuitiva y, en la versión TS, ofrecen un ángulo de lectura más fácil en la pantalla.</p>
<p>&nbsp;</p>
<p><u>Componentes estándares</u></p>
<p>SAE TS:</p>
<p>Pantalla táctil</p>
<p>Programación de las dosis de café desde la botonera</p>
<p>AEA (entrada automática de agua)</p>
<p>Sistema de ahorro de energía</p>
<p>Calentador electrónico de tazas</p>
<p>USB</p>
<p>Motobomba interior</p>
<p>&nbsp;</p>
<p>SAE:</p>
<p>Pantalla táctil</p>
<p>Programación de las dosis de café desde la botonera</p>
<p>AEA (entrada automática de agua)</p>
<p>Calentador electrónico de tazas</p>
<p>USB</p>
<p>Motobomba interior</p>
<p>&nbsp;</p>
<p><u>Opcionales</u></p>
<p>SAE TS:</p>
<p>Rejilla abatible en cada grupo</p>
<p>Auto vapor</p>
<p>Luz LED Superficie de trabajo</p>
<p>Módulo Wifi conectividad Beans2Cloud</p>
<p>&nbsp;</p>
<p>SAE:</p>
<p>Rejilla abatible en cada grupo</p>
<p>Luz LED Superficie de trabajo</p>
<p>Motobomba interior</p>

<p>Core reelabora la elegancia de Astoria a través de sus líneas sencillas y una forma moderna que la hace reconocible al instante. Con Core, la tradición italiana del café expreso se sublima en un objeto de diseño funcional, y se convierte en el protagonista en cualquier ambiente. En el interior de Core600 late el corazón Astoria, una unión de tradición, tecnología y pasión por el expreso. Con Core el expreso tiene un nuevo diseño.</p>
<p>Dirección: <a href="https://maps.app.goo.gl/aYtoH6YJSZeJC3JQ8">Calle Bolívar 472 Oficina 1106, Miraflores Lima 18 Lima, Perú</a></p>
<p>Correo: <a href="mailto:elingan@grandcafe.com.pe">elingan@grandcafe.com.pe</a></p>
<p>Instagram: <a href="https://www.instagram.com/astoria.wega.peru/">astoria.wega.peru</a>  |  <a href="https://www.instagram.com/titocafecito/">titocafecito</a></p>
<p>Contacto: Eduardo Lingán Marrou &#8211; Tito Cafecito</p>
<p>Solicite cotización al: <a href="tel:51987951606">(+51) 987951606</a></p>
<p>Catálogo: <a href="https://cdn.sanity.io/files/lx2h63p2/production/7fe61d9a7be7f0ab119b9a028eb0765a4eda20f3.pdf" target="_blank" rel="noopener"><img decoding="async" class="alignnone wp-image-21215 size-full" src="http://nonamepublicidad.com/wp-content/uploads/2024/06/catalogo.webp" alt="Catálogo" width="25" height="36" /></a></p>
<div class="nta_wa_button" data-id="21211" data-info="{&quot;name&quot;:&quot;Tito Cafecito&quot;,&quot;info&quot;:{&quot;number&quot;:&quot;+51987951606&quot;,&quot;title&quot;:&quot;Tito Cafecito | Tienda&quot;,&quot;predefinedText&quot;:&quot;Hola Tito Cafecito. Me gustar\u00eda m\u00e1s informaci\u00f3n de [njwa_page_title] Este es el link [njwa_page_url]&quot;,&quot;willBeBackText&quot;:&quot;I will be back in [njwa_time_work]&quot;,&quot;dayOffsText&quot;:&quot;I will be back soon&quot;,&quot;isAlwaysAvailable&quot;:&quot;ON&quot;,&quot;daysOfWeekWorking&quot;:{&quot;sunday&quot;:{&quot;isWorkingOnDay&quot;:&quot;OFF&quot;,&quot;workHours&quot;:[{&quot;startTime&quot;:&quot;08:00&quot;,&quot;endTime&quot;:&quot;17:30&quot;}]},&quot;monday&quot;:{&quot;isWorkingOnDay&quot;:&quot;OFF&quot;,&quot;workHours&quot;:[{&quot;startTime&quot;:&quot;08:00&quot;,&quot;endTime&quot;:&quot;17:30&quot;}]},&quot;tuesday&quot;:{&quot;isWorkingOnDay&quot;:&quot;OFF&quot;,&quot;workHours&quot;:[{&quot;startTime&quot;:&quot;08:00&quot;,&quot;endTime&quot;:&quot;17:30&quot;}]},&quot;wednesday&quot;:{&quot;isWorkingOnDay&quot;:&quot;OFF&quot;,&quot;workHours&quot;:[{&quot;startTime&quot;:&quot;08:00&quot;,&quot;endTime&quot;:&quot;17:30&quot;}]},&quot;thursday&quot;:{&quot;isWorkingOnDay&quot;:&quot;OFF&quot;,&quot;workHours&quot;:[{&quot;startTime&quot;:&quot;08:00&quot;,&quot;endTime&quot;:&quot;17:30&quot;}]},&quot;friday&quot;:{&quot;isWorkingOnDay&quot;:&quot;OFF&quot;,&quot;workHours&quot;:[{&quot;startTime&quot;:&quot;08:00&quot;,&quot;endTime&quot;:&quot;17:30&quot;}]},&quot;saturday&quot;:{&quot;isWorkingOnDay&quot;:&quot;OFF&quot;,&quot;workHours&quot;:[{&quot;startTime&quot;:&quot;08:00&quot;,&quot;endTime&quot;:&quot;17:30&quot;}]}}},&quot;styles&quot;:{&quot;type&quot;:&quot;round&quot;,&quot;backgroundColor&quot;:&quot;#2DB742&quot;,&quot;textColor&quot;:&quot;#fff&quot;,&quot;label&quot;:&quot;Necesitas ayuda? Hablemos&quot;,&quot;width&quot;:300,&quot;height&quot;:64},&quot;avatar&quot;:&quot;https:\/\/nonamepublicidad.com\/wp-content\/uploads\/2024\/06\/tito_cafecito.webp&quot;,&quot;options&quot;:{&quot;display&quot;:{&quot;displayCondition&quot;:&quot;showAllPage&quot;,&quot;includePages&quot;:[],&quot;excludePages&quot;:[],&quot;includePosts&quot;:[],&quot;showOnDesktop&quot;:&quot;ON&quot;,&quot;showOnMobile&quot;:&quot;ON&quot;,&quot;time_symbols&quot;:&quot;h:m&quot;},&quot;styles&quot;:{&quot;title&quot;:&quot;Start a Conversation&quot;,&quot;responseText&quot;:&quot;The team typically replies in a few minutes.&quot;,&quot;description&quot;:&quot;Hi! Click one of our member below to chat on &lt;strong&gt;WhatsApp&lt;\/strong&gt;&quot;,&quot;backgroundColor&quot;:&quot;#2db742&quot;,&quot;textColor&quot;:&quot;#fff&quot;,&quot;scrollHeight&quot;:500,&quot;isShowScroll&quot;:&quot;OFF&quot;,&quot;isShowResponseText&quot;:&quot;ON&quot;,&quot;isShowPoweredBy&quot;:&quot;ON&quot;,&quot;btnLabel&quot;:&quot;Need Help? &lt;strong&gt;Chat with us&lt;\/strong&gt;&quot;,&quot;btnLabelWidth&quot;:156,&quot;btnPosition&quot;:&quot;right&quot;,&quot;btnLeftDistance&quot;:30,&quot;btnRightDistance&quot;:30,&quot;btnBottomDistance&quot;:30,&quot;isShowBtnLabel&quot;:&quot;ON&quot;,&quot;isShowGDPR&quot;:&quot;OFF&quot;,&quot;gdprContent&quot;:&quot;Please accept our &lt;a href=\&quot;https:\/\/ninjateam.org\/privacy-policy\/\&quot;&gt;privacy policy&lt;\/a&gt; first to start a conversation.&quot;,&quot;widgetType&quot;:&quot;expandable&quot;},&quot;analytics&quot;:{&quot;enabledGoogle&quot;:&quot;OFF&quot;,&quot;enabledFacebook&quot;:&quot;OFF&quot;,&quot;enabledGoogleGA4&quot;:&quot;OFF&quot;}},&quot;gdprStatus&quot;:false,&quot;defaultAvatar&quot;:&quot;https:\/\/nonamepublicidad.com\/wp-content\/plugins\/whatsapp-for-wordpress\/assets\/img\/whatsapp_logo.svg&quot;}"></div>
<div style="visibility: hidden;">maquina de cafe, cafetera, cafetera espresso, cafeteras automaticas, maquinas de cafe, maquinas de cafe para empresas, cafeteras industriales, maquina de espresso, maquina para cafe, maquina para hacer cafe</div>
