{"id":6557,"date":"2021-02-03T20:46:01","date_gmt":"2021-02-04T01:46:01","guid":{"rendered":"http:\/\/nonamepublicidad.com\/?post_type=product&#038;p=6557"},"modified":"2024-12-02T08:49:18","modified_gmt":"2024-12-02T13:49:18","slug":"crema-de-peinar-selladora-de-cuticulas-secos","status":"publish","type":"product","link":"https:\/\/nonamepublicidad.com\/en\/product\/crema-de-peinar-selladora-de-cuticulas-secos\/","title":{"rendered":"Crema de Peinar Selladora de Cut\u00edculas Secos"},"content":{"rendered":"<p><strong>\u00bfTu cabello est\u00e1 reseco?<\/strong><\/p>\n<p>Tiende a estar con volumen fuera de control, poco brillo y seco.<\/p>\n<p><strong>\u00bfQu\u00e9 necesita?<\/strong><\/p>\n<p>\u00c9l necesita reparaci\u00f3n de la fibra con nutrici\u00f3n profunda, sellado de la cut\u00edcula y reducci\u00f3n del frizz. Cabello nutrido y saludable desde la primera aplicaci\u00f3n.<\/p>\n<p><strong>Bio tecnolog\u00eda Pr\u00f3-teia<\/strong><\/p>\n<p>Inspirada en la inteligencia de la naturaleza y en la belleza de la ciencia. Natura Lumina cre\u00f3 la exclusiva Biotecnolog\u00eda Pr\u00f3-teia para un tratamiento capilar de precisi\u00f3n. Rellena las hebras desde adentro hacia afuera, desde los microporos del c\u00f3rtex hasta la cut\u00edcula, en la medida exacta de cada da\u00f1o.<\/p>\n<p><strong>Biotecnolog\u00eda Pr\u00f3-teia + Activo Nutrirevitalizaci\u00f3n.<\/strong><\/p>\n<p><u>Resultado comprobado:<\/u><\/p>\n<ul>\n<li>Cabello blindado con reducci\u00f3n del volumen, 4 veces menos frizz y 3 veces menos puntas abiertas **.<\/li>\n<\/ul>\n<p>**Vs formulaci\u00f3n sin ingredientes acondicionadores.<\/p>\n<p><strong>Con fragancia de autor\u00eda Natura.<\/strong><\/p>\n<p><strong>Modo de uso:<\/strong><\/p>\n<p>Apl\u00edquese la crema para peinar en las hebras secas o h\u00famedas, evitando la ra\u00edz. No se enjuaga.<\/p>\n<p><strong>Sobre la l\u00ednea Lumina:<\/strong><\/p>\n<p>Tratamiento capilar de alta tecnolog\u00eda para revelar la belleza \u00fanica que hay en toda mujer y en todo cabello. Natura Lumina. Tu cabello, tu verdad.<\/p>\n<p>Cabello regenerado en la medida exacta de cada da\u00f1o. Reducci\u00f3n de hasta un 70% en la porosidad de los cabellos. Cabellos saludables desde la primera aplicaci\u00f3n.<\/p>","protected":false},"excerpt":{"rendered":"<ul>\n<li>Precio de venta recomendado por el fabricante MSRP por unidad<\/li>\n<li>4 veces menos frizz<\/li>\n<li>Sin pruebas en animales<\/li>\n<li>Producto vegano<\/li>\n<li>Frasco 100% pl\u00e1stico verde<\/li>\n<li>250 ml c\/u<\/li>\n<li>Imagen referencial<\/li>\n<li>Plazo de entrega en Lima 7 d\u00edas<\/li>\n<li>Consultar tarifa de flete<\/li>\n<\/ul>\n<p>Venta directa al: <a href=\"tel:51941203813\">(+51) 941203813<\/a><\/p>\n<div class=\"nta_wa_button\" data-id=\"13293\" data-info=\"{&quot;name&quot;:&quot;Orlando (Per\\u00fa)&quot;,&quot;info&quot;:{&quot;number&quot;:&quot;+51941203813&quot;,&quot;title&quot;:&quot;Orlando&quot;,&quot;predefinedText&quot;:&quot;Hola Orlando, solicito informaci\\u00f3n de [njwa_page_title] Enlace: [njwa_page_url]&quot;,&quot;willBeBackText&quot;:&quot;I will be back in [njwa_time_work]&quot;,&quot;dayOffsText&quot;:&quot;I will be back soon&quot;,&quot;isAlwaysAvailable&quot;:&quot;ON&quot;,&quot;daysOfWeekWorking&quot;:{&quot;sunday&quot;:{&quot;isWorkingOnDay&quot;:&quot;OFF&quot;,&quot;workHours&quot;:[{&quot;startTime&quot;:&quot;08:00&quot;,&quot;endTime&quot;:&quot;17:30&quot;}]},&quot;monday&quot;:{&quot;isWorkingOnDay&quot;:&quot;OFF&quot;,&quot;workHours&quot;:[{&quot;startTime&quot;:&quot;08:00&quot;,&quot;endTime&quot;:&quot;17:30&quot;}]},&quot;tuesday&quot;:{&quot;isWorkingOnDay&quot;:&quot;OFF&quot;,&quot;workHours&quot;:[{&quot;startTime&quot;:&quot;08:00&quot;,&quot;endTime&quot;:&quot;17:30&quot;}]},&quot;wednesday&quot;:{&quot;isWorkingOnDay&quot;:&quot;OFF&quot;,&quot;workHours&quot;:[{&quot;startTime&quot;:&quot;08:00&quot;,&quot;endTime&quot;:&quot;17:30&quot;}]},&quot;thursday&quot;:{&quot;isWorkingOnDay&quot;:&quot;OFF&quot;,&quot;workHours&quot;:[{&quot;startTime&quot;:&quot;08:00&quot;,&quot;endTime&quot;:&quot;17:30&quot;}]},&quot;friday&quot;:{&quot;isWorkingOnDay&quot;:&quot;OFF&quot;,&quot;workHours&quot;:[{&quot;startTime&quot;:&quot;08:00&quot;,&quot;endTime&quot;:&quot;17:30&quot;}]},&quot;saturday&quot;:{&quot;isWorkingOnDay&quot;:&quot;OFF&quot;,&quot;workHours&quot;:[{&quot;startTime&quot;:&quot;08:00&quot;,&quot;endTime&quot;:&quot;17:30&quot;}]}}},&quot;styles&quot;:{&quot;type&quot;:&quot;round&quot;,&quot;backgroundColor&quot;:&quot;#2DB742&quot;,&quot;textColor&quot;:&quot;#fff&quot;,&quot;label&quot;:&quot;Necesitas ayuda? Hablemos \\\/ Do you need help? Let&#039;s talk&quot;,&quot;width&quot;:300,&quot;height&quot;:64},&quot;avatar&quot;:&quot;https:\\\/\\\/nonamepublicidad.com\\\/wp-content\\\/uploads\\\/2020\\\/07\\\/noname-icon_152x152.png&quot;,&quot;options&quot;:{&quot;display&quot;:{&quot;displayCondition&quot;:&quot;showAllPage&quot;,&quot;includePages&quot;:[],&quot;excludePages&quot;:[],&quot;includePosts&quot;:[],&quot;showOnDesktop&quot;:&quot;ON&quot;,&quot;showOnMobile&quot;:&quot;ON&quot;,&quot;time_symbols&quot;:&quot;h:m&quot;},&quot;styles&quot;:{&quot;title&quot;:&quot;Start a Conversation&quot;,&quot;responseText&quot;:&quot;The team typically replies in a few minutes.&quot;,&quot;description&quot;:&quot;Hi! Click one of our member below to chat on &lt;strong&gt;WhatsApp&lt;\\\/strong&gt;&quot;,&quot;backgroundColor&quot;:&quot;#2db742&quot;,&quot;textColor&quot;:&quot;#fff&quot;,&quot;scrollHeight&quot;:500,&quot;isShowScroll&quot;:&quot;OFF&quot;,&quot;isShowResponseText&quot;:&quot;ON&quot;,&quot;isShowPoweredBy&quot;:&quot;ON&quot;,&quot;btnLabel&quot;:&quot;Need Help? &lt;strong&gt;Chat with us&lt;\\\/strong&gt;&quot;,&quot;btnLabelWidth&quot;:156,&quot;btnPosition&quot;:&quot;right&quot;,&quot;btnLeftDistance&quot;:30,&quot;btnRightDistance&quot;:30,&quot;btnBottomDistance&quot;:30,&quot;isShowBtnLabel&quot;:&quot;ON&quot;,&quot;isShowGDPR&quot;:&quot;OFF&quot;,&quot;gdprContent&quot;:&quot;Please accept our &lt;a href=\\&quot;https:\\\/\\\/ninjateam.org\\\/privacy-policy\\\/\\&quot;&gt;privacy policy&lt;\\\/a&gt; first to start a conversation.&quot;,&quot;widgetType&quot;:&quot;expandable&quot;},&quot;analytics&quot;:{&quot;enabledGoogle&quot;:&quot;OFF&quot;,&quot;enabledFacebook&quot;:&quot;OFF&quot;,&quot;enabledGoogleGA4&quot;:&quot;OFF&quot;}},&quot;gdprStatus&quot;:false,&quot;defaultAvatar&quot;:&quot;https:\\\/\\\/nonamepublicidad.com\\\/wp-content\\\/plugins\\\/whatsapp-for-wordpress\\\/assets\\\/img\\\/whatsapp_logo.svg&quot;}\"><\/div>\n<div style=\"visibility: hidden;\">Articulos para Ba\u00f1o, Cabello Seco, Crema Crema, Cuidados Diarios, Higiene Personal, Limpieza Personal, Lumina, Natura, Art\u00edculos para Ba\u00f1o, Tratamiento Capilar<\/div>\n","protected":false},"featured_media":6556,"comment_status":"open","ping_status":"closed","template":"","meta":[],"product_brand":[],"product_cat":[187,186],"product_tag":[988,1073,1071,989,990,987,1072,991],"class_list":{"0":"post-6557","1":"product","2":"type-product","3":"status-publish","4":"has-post-thumbnail","6":"product_cat-articulos-de-peluqueria","7":"product_cat-salud-y-belleza","8":"product_tag-articulos-para-bano","9":"product_tag-cabello-seco","10":"product_tag-crema","11":"product_tag-cuidados-diarios","12":"product_tag-higiene-personal","13":"product_tag-limpieza-personal","14":"product_tag-lumina","15":"product_tag-natura","17":"first","18":"instock","19":"sale","20":"taxable","21":"shipping-taxable","22":"purchasable","23":"product-type-simple"},"_links":{"self":[{"href":"https:\/\/nonamepublicidad.com\/en\/wp-json\/wp\/v2\/product\/6557","targetHints":{"allow":["GET"]}}],"collection":[{"href":"https:\/\/nonamepublicidad.com\/en\/wp-json\/wp\/v2\/product"}],"about":[{"href":"https:\/\/nonamepublicidad.com\/en\/wp-json\/wp\/v2\/types\/product"}],"replies":[{"embeddable":true,"href":"https:\/\/nonamepublicidad.com\/en\/wp-json\/wp\/v2\/comments?post=6557"}],"version-history":[{"count":0,"href":"https:\/\/nonamepublicidad.com\/en\/wp-json\/wp\/v2\/product\/6557\/revisions"}],"wp:featuredmedia":[{"embeddable":true,"href":"https:\/\/nonamepublicidad.com\/en\/wp-json\/wp\/v2\/media\/6556"}],"wp:attachment":[{"href":"https:\/\/nonamepublicidad.com\/en\/wp-json\/wp\/v2\/media?parent=6557"}],"wp:term":[{"taxonomy":"product_brand","embeddable":true,"href":"https:\/\/nonamepublicidad.com\/en\/wp-json\/wp\/v2\/product_brand?post=6557"},{"taxonomy":"product_cat","embeddable":true,"href":"https:\/\/nonamepublicidad.com\/en\/wp-json\/wp\/v2\/product_cat?post=6557"},{"taxonomy":"product_tag","embeddable":true,"href":"https:\/\/nonamepublicidad.com\/en\/wp-json\/wp\/v2\/product_tag?post=6557"}],"curies":[{"name":"wp","href":"https:\/\/api.w.org\/{rel}","templated":true}]}}

Crema de Peinar Selladora de Cutículas Secos

<p><strong>¿Tu cabello está reseco?</strong></p>
<p>Tiende a estar con volumen fuera de control, poco brillo y seco.</p>
<p><strong>¿Qué necesita?</strong></p>
<p>Él necesita reparación de la fibra con nutrición profunda, sellado de la cutícula y reducción del frizz. Cabello nutrido y saludable desde la primera aplicación.</p>
<p><strong>Bio tecnología Pró-teia</strong></p>
<p>Inspirada en la inteligencia de la naturaleza y en la belleza de la ciencia. Natura Lumina creó la exclusiva Biotecnología Pró-teia para un tratamiento capilar de precisión. Rellena las hebras desde adentro hacia afuera, desde los microporos del córtex hasta la cutícula, en la medida exacta de cada daño.</p>
<p><strong>Biotecnología Pró-teia + Activo Nutrirevitalización.</strong></p>
<p><u>Resultado comprobado:</u></p>
<ul>
<li>Cabello blindado con reducción del volumen, 4 veces menos frizz y 3 veces menos puntas abiertas **.</li>
</ul>
<p>**Vs formulación sin ingredientes acondicionadores.</p>
<p><strong>Con fragancia de autoría Natura.</strong></p>
<p><strong>Modo de uso:</strong></p>
<p>Aplíquese la crema para peinar en las hebras secas o húmedas, evitando la raíz. No se enjuaga.</p>
<p><strong>Sobre la línea Lumina:</strong></p>
<p>Tratamiento capilar de alta tecnología para revelar la belleza única que hay en toda mujer y en todo cabello. Natura Lumina. Tu cabello, tu verdad.</p>
<p>Cabello regenerado en la medida exacta de cada daño. Reducción de hasta un 70% en la porosidad de los cabellos. Cabellos saludables desde la primera aplicación.</p>

<ul>
<li>Precio de venta recomendado por el fabricante MSRP por unidad</li>
<li>4 veces menos frizz</li>
<li>Sin pruebas en animales</li>
<li>Producto vegano</li>
<li>Frasco 100% plástico verde</li>
<li>250 ml c/u</li>
<li>Imagen referencial</li>
<li>Plazo de entrega en Lima 7 días</li>
<li>Consultar tarifa de flete</li>
</ul>
<p>Venta directa al: <a href="tel:51941203813">(+51) 941203813</a></p>
<div class="nta_wa_button" data-id="13293" data-info="{&quot;name&quot;:&quot;Orlando (Per\u00fa)&quot;,&quot;info&quot;:{&quot;number&quot;:&quot;+51941203813&quot;,&quot;title&quot;:&quot;Orlando&quot;,&quot;predefinedText&quot;:&quot;Hola Orlando, solicito informaci\u00f3n de [njwa_page_title] Enlace: [njwa_page_url]&quot;,&quot;willBeBackText&quot;:&quot;I will be back in [njwa_time_work]&quot;,&quot;dayOffsText&quot;:&quot;I will be back soon&quot;,&quot;isAlwaysAvailable&quot;:&quot;ON&quot;,&quot;daysOfWeekWorking&quot;:{&quot;sunday&quot;:{&quot;isWorkingOnDay&quot;:&quot;OFF&quot;,&quot;workHours&quot;:[{&quot;startTime&quot;:&quot;08:00&quot;,&quot;endTime&quot;:&quot;17:30&quot;}]},&quot;monday&quot;:{&quot;isWorkingOnDay&quot;:&quot;OFF&quot;,&quot;workHours&quot;:[{&quot;startTime&quot;:&quot;08:00&quot;,&quot;endTime&quot;:&quot;17:30&quot;}]},&quot;tuesday&quot;:{&quot;isWorkingOnDay&quot;:&quot;OFF&quot;,&quot;workHours&quot;:[{&quot;startTime&quot;:&quot;08:00&quot;,&quot;endTime&quot;:&quot;17:30&quot;}]},&quot;wednesday&quot;:{&quot;isWorkingOnDay&quot;:&quot;OFF&quot;,&quot;workHours&quot;:[{&quot;startTime&quot;:&quot;08:00&quot;,&quot;endTime&quot;:&quot;17:30&quot;}]},&quot;thursday&quot;:{&quot;isWorkingOnDay&quot;:&quot;OFF&quot;,&quot;workHours&quot;:[{&quot;startTime&quot;:&quot;08:00&quot;,&quot;endTime&quot;:&quot;17:30&quot;}]},&quot;friday&quot;:{&quot;isWorkingOnDay&quot;:&quot;OFF&quot;,&quot;workHours&quot;:[{&quot;startTime&quot;:&quot;08:00&quot;,&quot;endTime&quot;:&quot;17:30&quot;}]},&quot;saturday&quot;:{&quot;isWorkingOnDay&quot;:&quot;OFF&quot;,&quot;workHours&quot;:[{&quot;startTime&quot;:&quot;08:00&quot;,&quot;endTime&quot;:&quot;17:30&quot;}]}}},&quot;styles&quot;:{&quot;type&quot;:&quot;round&quot;,&quot;backgroundColor&quot;:&quot;#2DB742&quot;,&quot;textColor&quot;:&quot;#fff&quot;,&quot;label&quot;:&quot;Necesitas ayuda? Hablemos \/ Do you need help? Let&#039;s talk&quot;,&quot;width&quot;:300,&quot;height&quot;:64},&quot;avatar&quot;:&quot;https:\/\/nonamepublicidad.com\/wp-content\/uploads\/2020\/07\/noname-icon_152x152.png&quot;,&quot;options&quot;:{&quot;display&quot;:{&quot;displayCondition&quot;:&quot;showAllPage&quot;,&quot;includePages&quot;:[],&quot;excludePages&quot;:[],&quot;includePosts&quot;:[],&quot;showOnDesktop&quot;:&quot;ON&quot;,&quot;showOnMobile&quot;:&quot;ON&quot;,&quot;time_symbols&quot;:&quot;h:m&quot;},&quot;styles&quot;:{&quot;title&quot;:&quot;Start a Conversation&quot;,&quot;responseText&quot;:&quot;The team typically replies in a few minutes.&quot;,&quot;description&quot;:&quot;Hi! Click one of our member below to chat on &lt;strong&gt;WhatsApp&lt;\/strong&gt;&quot;,&quot;backgroundColor&quot;:&quot;#2db742&quot;,&quot;textColor&quot;:&quot;#fff&quot;,&quot;scrollHeight&quot;:500,&quot;isShowScroll&quot;:&quot;OFF&quot;,&quot;isShowResponseText&quot;:&quot;ON&quot;,&quot;isShowPoweredBy&quot;:&quot;ON&quot;,&quot;btnLabel&quot;:&quot;Need Help? &lt;strong&gt;Chat with us&lt;\/strong&gt;&quot;,&quot;btnLabelWidth&quot;:156,&quot;btnPosition&quot;:&quot;right&quot;,&quot;btnLeftDistance&quot;:30,&quot;btnRightDistance&quot;:30,&quot;btnBottomDistance&quot;:30,&quot;isShowBtnLabel&quot;:&quot;ON&quot;,&quot;isShowGDPR&quot;:&quot;OFF&quot;,&quot;gdprContent&quot;:&quot;Please accept our &lt;a href=\&quot;https:\/\/ninjateam.org\/privacy-policy\/\&quot;&gt;privacy policy&lt;\/a&gt; first to start a conversation.&quot;,&quot;widgetType&quot;:&quot;expandable&quot;},&quot;analytics&quot;:{&quot;enabledGoogle&quot;:&quot;OFF&quot;,&quot;enabledFacebook&quot;:&quot;OFF&quot;,&quot;enabledGoogleGA4&quot;:&quot;OFF&quot;}},&quot;gdprStatus&quot;:false,&quot;defaultAvatar&quot;:&quot;https:\/\/nonamepublicidad.com\/wp-content\/plugins\/whatsapp-for-wordpress\/assets\/img\/whatsapp_logo.svg&quot;}"></div>
<div style="visibility: hidden;">Articulos para Baño, Cabello Seco, Crema Crema, Cuidados Diarios, Higiene Personal, Limpieza Personal, Lumina, Natura, Artículos para Baño, Tratamiento Capilar</div>
